- 4*q. Is (d/(1 - 0))/(-1) a composite number?
False
Suppose p + p - 1942 = 0. Is p composite?
False
Suppose 15 = 4*k + 5*i - 15, 4*k = -4*i + 28. Suppose u = k*u - 132. Is u a composite number?
True
Let r = 930 - 599. Is r prime?
True
Let w(i) = -i**3 - 5*i**2 - 3*i + 1. Let l be (-1 + 3)/((-1)/2). Let n be w(l). Is n - (2 - 335) - 1 a prime number?
False
Let u = -239 + 448. Is u a composite number?
True
Let g(j) = 242*j**2 + 8*j - 7. Is g(3) a composite number?
True
Let n = 7 + -3. Suppose r = 4*q - n*r, q + 3*r = -17. Let b = q - -126. Is b a prime number?
False
Suppose 0 = -2*r - 4*k + 5562, 5*k = 2*r + 3225 - 8769. Is r a prime number?
True
Suppose 0 = -0*v + 5*v - 90. Suppose -5*x = -v - 7. Suppose -x*g = -19 - 16. Is g a prime number?
True
Let f = -5 + 8. Suppose -272 = -5*x + f. Is x a prime number?
False
Suppose 0 = -3*o + b + 22, 3*b = -0*b - 12. Let n(m) = -3 + 0 + o*m + 2*m. Is n(7) prime?
True
Let l(m) = m**2 + 2*m + 3. Let x(i) = -i**3 - 5*i**2 + 8*i + 7. Let a be x(-6). Let d be l(a). Let v = 49 - d. Is v prime?
True
Suppose -24 = -3*p + 6. Is (-5)/(p/3)*-2 prime?
True
Let x = -999 - -1426. Is x composite?
True
Suppose 2*p - 3*p = -144. Suppose -10 = -2*n, p + 137 = 3*s + 4*n. Is s a composite number?
True
Let c be (30/(-20))/(3/(-4)). Suppose -c = -f, -j = 5*f - 123 + 31. Is j prime?
False
Suppose -3*j - 41 = -5*i, 3*i + 0*i - 15 = j. Let d = j + 16. Is d prime?
False
Let y be (2/3 + 0)*3. Let z = y - 1. Is ((-3)/(-6))/(z/42) prime?
False
Let l = -48 - -115. Is l prime?
True
Let q(s) = -s**3 + s**2 - s - 117. Let w be q(0). Let l = 196 + w. Is l a composite number?
False
Suppose -3*k = -6*k + l - 47, 0 = -k + 4*l - 23. Let o = k + 50. Is o a prime number?
False
Suppose 0 = -11*n + 7*n + 1172. Is n prime?
True
Let v(a) = -a**3 + 3*a**2 + 5*a + 2. Let y be v(4). Suppose 2*i + 460 = y*i. Is i a composite number?
True
Let p be (-245)/(-30) - 1/6. Suppose 2 - p = u. Let d = 31 - u. Is d a composite number?
False
Suppose -5*y - 901 = -4286. Is y a composite number?
False
Let c(k) = -k**3 + 5*k**2 - 3*k + 4. Suppose 0*h - 12 = -3*h. Let b be c(h). Is (42/b)/((-1)/(-4)) a composite number?
True
Let t = 1036 - 614. Is t composite?
True
Suppose -3*z + 4*a = -110, 28 + 7 = z - 3*a. Is z a prime number?
False
Suppose z - 3*z = -5*a - 619, -1516 = -5*z + 2*a. Let i = z + -141. Is i a composite number?
True
Let g = -5 - -7. Let j(x) = x + 2. Let d be j(g). Suppose d*c - 5*c = -67. Is c a composite number?
False
Let o(k) = k**3 - 8*k**2 + k + 6. Let n(h) = -h**3 - 6*h**2 - 7. Let g be n(-7). Suppose -2*b - 2*i + 12 = 0, 0*b = -4*b + 5*i + g. Is o(b) a composite number?
True
Let y be 93 - (-3 + 5 + 1). Suppose -3*n + y = -15. Is n composite?
True
Let r(s) = -2*s + 4. Let u be r(3). Let z = u - -12. Is z composite?
True
Is 2*(-3 - (-2229)/6) prime?
False
Let n = 2 + 2. Suppose 0 = -n*a + a + s + 863, 4 = -2*s. Is a a prime number?
False
Is 254*(9/(-6) - -1*2) composite?
False
Suppose 5*t + 25 = 0, t - 2*t = -2*u + 4719. Is u a composite number?
False
Suppose 0*c - 271 = -c + 3*n, 3*n - 1283 = -5*c. Suppose 5*o - 46 = j, -4*j + 2*o = -3*o + c. Let u = j + 129. Is u composite?
True
Suppose -20 = -5*z, 4*k + 3*z = -0*z - 12. Let m(a) = a**2 + 4*a - 4. Let u be m(k). Is (37/(-4))/((-2)/u) a prime number?
True
Let o(n) = n**2 + 5*n - 4. Let w be o(-5). Let s(t) = t**2 + 3*t - 1. Is s(w) composite?
False
Suppose -4*p + 16 + 8 = 0. Suppose 0 = 5*o - p*o + 235. Is o a composite number?
True
Let t be (-4)/(-6)*6/(-4). Let i = 0 + t. Let n(v) = -132*v - 1. Is n(i) prime?
True
Is (-65)/15*(0 + -3) a composite number?
False
Let i = -10 + -2. Let o = 10 + i. Is -211*(3 + (-6 - o)) prime?
True
Let g(f) = -19*f + 6. Let r be g(-8). Is -2*(0 - r/4) a prime number?
True
Suppose -5*j + 18 = -2*j. Suppose z + 0 - 5 = -5*d, 0 = -4*z - d + 58. Let m = z - j. Is m prime?
False
Is (-1 - -212)/(-12 + 13) a composite number?
False
Let q = -323 + 486. Is q a prime number?
True
Suppose -3*t + 17 = -85. Is t a composite number?
True
Let j = 61 - 28. Suppose -5*x - j = -3. Is -2 + (-34)/x*3 prime?
False
Let s(l) = -1 - 5*l - 2*l + 5 - l**2. Let r be s(-7). Suppose -c - r*w + 51 = -30, 2*c = w + 153. Is c prime?
False
Let d(j) = -j**3 + 5*j**2 - 2*j - 5. Suppose i - 4*u - u - 27 = 0, -2*u = 2*i - 18. Suppose -x - 2*x = -i. Is d(x) composite?
False
Let f(x) = -x**2 + 4*x + 3. Let b be f(4). Suppose b*q - 10 = -2*q. Is 2 - q - 2 - -61 a composite number?
False
Let f(z) = 3*z**3 - 3*z**2 - 6*z + 9. Let g(j) = 5*j**3 - 7*j**2 - 11*j + 17. Let l(h) = 7*f(h) - 4*g(h). Is l(-6) a composite number?
False
Suppose -2*b + d - 5*d = 12, -5*d - 20 = 0. Suppose -b*g = -3*n - 126, -2*n + 45 = g + n. Is g composite?
True
Suppose -72 = 3*k + 291. Let o = -66 - k. Is o composite?
True
Suppose -r - 4*n + 666 = -2*n, 664 = r + n. Is r composite?
True
Let h(b) = 4 + 4*b - 17*b - 2 - 2*b. Is h(-17) composite?
False
Let p(m) be the first derivative of 34*m**3/3 + m**2/2 - m - 3. Let b be p(1). Let w = b - 15. Is w a composite number?
False
Suppose 2*u = -2*c + c + 5305, -2*c = -2*u - 10610. Is c a composite number?
True
Let d(y) = y + 8. Let w be d(-5). Suppose -2*m + 103 = w*o + 6, -3*m + 138 = -3*o. Is m a composite number?
False
Let a = 2797 + -1538. Is a composite?
False
Let a(f) = 2*f**2 - 5*f + 7. Let d be a(-9). Is d/10 - 27/(-45) a prime number?
False
Let b(f) = 253*f - 4. Is b(3) a prime number?
False
Let c(z) = z**3 - z - 1. Suppose 1 - 5 = 4*n. Let m be 3/((-6)/14)*n. Is c(m) prime?
False
Let u be (20/(-15))/((-2)/3). Suppose -97 = -u*n + 157. Is n composite?
False
Let d = 156 + -69. Suppose -51 - d = -3*l. Is l prime?
False
Suppose 9 = i - 4*i. Let c be 1/i - (-64)/12. Suppose 250 = c*v - h, -v = -0*v - h - 54. Is v prime?
False
Is ((-2)/(-4)*2391)/(12/8) composite?
False
Let t(a) = 77*a**2 - 2*a - 4. Is t(3) a prime number?
True
Let b be 1*((-2 - -3) + -2). Let k be -121 + (1 - b) - 1. Let t = -71 - k. Is t a composite number?
True
Let g = -4 + -6. Let h = -5 - g. Is 2/(-3)*-3 + h composite?
False
Let j(l) = 484*l + 2. Let r be j(2). Suppose 5*h - r = 1100. Suppose 5*b = -5*f + 410, 0 = -3*f + 8*f + 4*b - h. Is f a prime number?
False
Suppose 2*j - 2*m + 49 = 3*j, 2*j = 4*m + 90. Is j prime?
True
Let s be 1*1*-9 - -1. Let b = s - -11. Suppose c = b*c - 42. Is c prime?
False
Let v = 249 + -112. Suppose 243 = -l + 2*l. Suppose 4*t = v + l. Is t prime?
False
Let i(l) = 7*l - 3. Let n(b) = -3*b + 2 + 4*b - 1. Let t(c) = i(c) + 2*n(c). Is t(6) composite?
False
Let n(v) = -2*v - 1. Let t be n(-2). Suppose 0 = -3*m + 4*c + 8, 4*c + 16 = -t*m + 4*m. Let i(q) = -q**3 - q**2 + 6*q + 1. Is i(m) composite?
True
Suppose 0 = -c - 15 - 20. Let a = c - -81. Suppose 124 + a = 2*m. Is m prime?
False
Suppose 0 = 6*r - 3*r + 45. Let i = -11 - r. Is i a composite number?
True
Suppose 3 = -3*n, 4*s - 2*s = -4*n + 40. Let l = -39 - -106. Suppose u = l + s. Is u composite?
False
Let i be 16/20 - 1 - (-18)/(-10). Let h(l) be the third derivative of l**5/30 + l**4/24 + l**2. Is h(i) prime?
False
Suppose -76 = -3*v - 0*z + z, z - 86 = -3*v. Suppose -497 - v = -4*g. Is g composite?
False
Suppose -17*v + 19*v = 542. Is v a prime number?
True
Let g = -330 + 183. Let m(a) = -a + 11. Let n be m(10). Is (g/n)/(-3) + 0 a prime number?
False
Let i(h) = 2*h**2 - 4*h - 3. Let g be i(4). Let s = g - 6. Let w(u) = 9*u - 10. Is w(s) prime?
True
Let b be (4/(-6))/(2/(-6)). Suppose -b*a + 13 + 161 = 0. Is a prime?
False
Let z(b) = -110*b + 17. Is z(-12) a composite number?
True
Suppose -5*r + 11 + 9 = 0. Suppose -12 = r*u - 0*u. Is (-6)/(-9) - 37/u composite?
False
Let i = 294 + -163. Let s(x) = x - 3. Let a be s(3). Suppose -m = -a*m - i. Is m a composite number?
False
Let x(d) = -d**3 - 13*d**2 - 15*d - 17. Is x(-12) a composite number?
False
Let o(d) = 2*d**2 - 3*d + 7. Suppose 5*z - 3*h = -45, 5 = 2*h - h. Is o(z) a composite number?
False
Let l = 100 + -67. Is l a prime number?
False
Suppose 0 = -4*b + 756 + 272. Suppose 0 = -y + 4*y + j - 262, 2*j = -3*y + b. Is y a prime number?
True
Let r = 367 + 55. Is r a composite number?
True
Suppose -3 = 2*y - 3*y. Suppose 2*q - 832 = -y*s + s, -q + 3 = 0. Is s a composite number?
True
Let c(u) be the second derivative of u**5/20 - 11*u**4/12 + 13*u**3/6 - 9*u**2/2 + 2*u. I